{"id":23,"date":"2015-03-17T16:12:57","date_gmt":"2015-03-17T15:12:57","guid":{"rendered":"http:\/\/fiduciaire.ch\/wordpress\/?page_id=23"},"modified":"2015-05-11T09:09:30","modified_gmt":"2015-05-11T08:09:30","slug":"presentation-de-la-fiduciaire","status":"publish","type":"page","link":"http:\/\/fiduciaire.ch\/wordpress\/?page_id=23","title":{"rendered":"Pr\u00e9sentation"},"content":{"rendered":"<pre><strong><span style=\"font-family: Arial,serif;\"><span style=\"font-size: medium;\">Notre fiduciaire<\/span><\/span><\/strong><\/pre>\n<ul>\n<li><span style=\"font-family: Arial, serif;\"><span style=\"font-size: medium;\">Install\u00e9e depuis 1990 \u00e0 Lausanne, notre fiduciaire jouit d\u2019une r\u00e9putation irr\u00e9prochable.<\/span><\/span><\/li>\n<li><span style=\"font-family: Arial, serif;\"><span style=\"font-size: medium;\">Elle est membre de la Chambre Fiduciaire Suisse des experts comptables et fiscaux. <\/span><\/span><\/li>\n<li><span style=\"font-family: Arial, serif;\"><span style=\"font-size: medium;\">Elle est \u00e9galement agr\u00e9\u00e9e en qualit\u00e9 d\u2019expert-r\u00e9viseur par l\u2019Autorit\u00e9 f\u00e9d\u00e9rale de surveillance en mati\u00e8re de r\u00e9vision ASR.\u00a0<\/span><\/span><\/li>\n<\/ul>\n<pre><strong><span style=\"font-family: Arial,serif;\"><span style=\"font-size: medium;\">Ce que nous offrons<\/span><\/span><\/strong><\/pre>\n<ul>\n<li><span style=\"font-family: Arial, serif;\"><span style=\"font-size: medium;\">Une exp\u00e9rience de plus de 40 ans dans le domaine de la fiscalit\u00e9 et de la comptabilit\u00e9.<\/span><\/span><\/li>\n<li><span style=\"font-family: Arial, serif;\"><span style=\"font-size: medium;\">Un large \u00e9ventail de comp\u00e9tences, que nous souhaitons partager avec vous.<\/span><\/span><\/li>\n<li><span style=\"font-family: Arial, serif;\"><span style=\"font-size: medium;\">Des conseils avis\u00e9s qui anticipent les \u00e9volutions l\u00e9gislatives.<\/span><\/span><\/li>\n<li><span style=\"font-family: Arial, serif;\"><span style=\"font-size: medium;\">La confidentialit\u00e9 et l\u2019attention que seule une petite structure peut vous offrir.<\/span><\/span><\/li>\n<li><span style=\"font-family: Arial, serif;\"><span style=\"font-size: medium;\">La disponibilit\u00e9 de nos collaborateurs.<\/span><\/span><\/li>\n<\/ul>\n<pre><strong><span style=\"font-family: Arial,serif;\"><span style=\"font-size: medium;\">Monsieur Dino Venezia<\/span><\/span><\/strong><\/pre>\n<ul>\n<li><span style=\"font-family: Arial, serif;\"><span style=\"font-size: medium;\">Monsieur Dino Venezia s\u2019est fortement engag\u00e9 dans les associations professionnelles. Il a \u00e9t\u00e9 pendant 10 ans le 1<\/span><\/span><sup><span style=\"font-family: Arial, serif;\"><span style=\"font-size: medium;\">er<\/span><\/span><\/sup><span style=\"font-family: Arial, serif;\"><span style=\"font-size: medium;\"> pr\u00e9sident de l\u2019OREF, Ordre Romand des Experts Fiscaux Dipl\u00f4m\u00e9s.<\/span><\/span><\/li>\n<li><span style=\"font-family: Arial, serif;\"><span style=\"font-size: medium;\">Dans le cadre de ses activit\u00e9s professionnelles dans le giron de l\u2019UVACIM (Union vaudoise des associations industrielles, commerciales et de m\u00e9tiers), o\u00f9 il est rest\u00e9 20 ans, il a \u00e9t\u00e9 le successeur de Jean Riesenmey en assurant la direction de la FIDAM, Fiduciaire des arts et m\u00e9tiers SA.<\/span><\/span><\/li>\n<li><span style=\"font-family: Arial, serif;\"><span style=\"font-size: medium;\">En 1990, il ouvre son propre cabinet fiduciaire et fiscal.<\/span><\/span><\/li>\n<li><span style=\"font-family: Arial, serif;\"><span style=\"font-size: medium;\">Continuant de s\u2019investir dans les associations professionnelles, c\u2019est ainsi qu\u2019il est devenu pr\u00e9sident du Centre Patronal et de la F\u00e9d\u00e9ration patronale vaudoise (2006 \u00e0 2014) et vice-pr\u00e9sident de l\u2019USAM, Union suisse des arts et m\u00e9tiers (2004-2014).<\/span><\/span><\/li>\n<\/ul>\n","protected":false},"excerpt":{"rendered":"<p>Notre fiduciaire Install\u00e9e depuis 1990 \u00e0 Lausanne, notre fiduciaire jouit d\u2019une r\u00e9putation irr\u00e9prochable. Elle est membre de la Chambre Fiduciaire Suisse des experts comptables et fiscaux. Elle est \u00e9galement agr\u00e9\u00e9e en qualit\u00e9 d\u2019expert-r\u00e9viseur par l\u2019Autorit\u00e9 f\u00e9d\u00e9rale de surveillance en mati\u00e8re <a class=\"more-link\" href=\"http:\/\/fiduciaire.ch\/wordpress\/?page_id=23\">Continuer la lecture <span class=\"screen-reader-text\">  Pr\u00e9sentation<\/span><span class=\"meta-nav\">&rarr;<\/span><\/a><\/p>\n","protected":false},"author":2,"featured_media":0,"parent":0,"menu_order":0,"comment_status":"closed","ping_status":"closed","template":"","meta":{"footnotes":""},"class_list":["post-23","page","type-page","status-publish","hentry"],"_links":{"self":[{"href":"http:\/\/fiduciaire.ch\/wordpress\/index.php?rest_route=\/wp\/v2\/pages\/23","targetHints":{"allow":["GET"]}}],"collection":[{"href":"http:\/\/fiduciaire.ch\/wordpress\/index.php?rest_route=\/wp\/v2\/pages"}],"about":[{"href":"http:\/\/fiduciaire.ch\/wordpress\/index.php?rest_route=\/wp\/v2\/types\/page"}],"author":[{"embeddable":true,"href":"http:\/\/fiduciaire.ch\/wordpress\/index.php?rest_route=\/wp\/v2\/users\/2"}],"replies":[{"embeddable":true,"href":"http:\/\/fiduciaire.ch\/wordpress\/index.php?rest_route=%2Fwp%2Fv2%2Fcomments&post=23"}],"version-history":[{"count":9,"href":"http:\/\/fiduciaire.ch\/wordpress\/index.php?rest_route=\/wp\/v2\/pages\/23\/revisions"}],"predecessor-version":[{"id":100,"href":"http:\/\/fiduciaire.ch\/wordpress\/index.php?rest_route=\/wp\/v2\/pages\/23\/revisions\/100"}],"wp:attachment":[{"href":"http:\/\/fiduciaire.ch\/wordpress\/index.php?rest_route=%2Fwp%2Fv2%2Fmedia&parent=23"}],"curies":[{"name":"wp","href":"https:\/\/api.w.org\/{rel}","templated":true}]}}