{"id":33,"date":"2015-03-17T16:17:58","date_gmt":"2015-03-17T15:17:58","guid":{"rendered":"http:\/\/fiduciaire.ch\/wordpress\/?page_id=33"},"modified":"2015-05-11T13:38:43","modified_gmt":"2015-05-11T12:38:43","slug":"liens-utiles","status":"publish","type":"page","link":"http:\/\/fiduciaire.ch\/wordpress\/?page_id=33","title":{"rendered":"Liens utiles"},"content":{"rendered":"<p><a href=\"http:\/\/www.vd.ch\/?id=36\" target=\"_blank\"><input type=\"button\" value=\"&#155;\"><\/a> Administration cantonale des imp\u00f4ts (ACI)<\/p>\n<p><a href=\"http:\/\/www.vd.ch\/themes\/territoire\/communes\/finances-communales\/taux-dimposition\/\" target=\"_blank\"><input type=\"button\" value=\"&#155;\"><\/a> Taux des imp\u00f4ts communaux<\/p>\n<p><a href=\"http:\/\/www.ictax.admin.ch\/fr\/index.html\" target=\"_blank\"><input type=\"button\" value=\"&#155;\"><\/a> Liste des cours AFC<\/p>\n<p><a href=\"http:\/\/www.estv.admin.ch\/mwst\/dienstleistungen\/00304\/00308\/index.html?lang=fr&#038;download=NHzLpZeg7t,lnp6I0NTU042l2Z6ln1ae2IZn4Z2qZpnO2Yuq2Z6gpJCDeHt8fWym162epYbg2c_JjKbNoKSn6A--\" target=\"_blank\"><input type=\"button\" value=\"&#155;\"><\/a> Cours moyens mensuels<\/p>\n<p><a href=\"http:\/\/www.estv.admin.ch\/bundessteuer\/dokumentation\/00242\/00382\/index.html?lang=fr\" target=\"_blank\"><input type=\"button\" value=\"&#155;\"><\/a> Amortissements sur les valeurs immobilis\u00e9es des entreprises commerciales<\/p>\n<p><a href=\"http:\/\/www.estv.admin.ch\/verrechnungssteuer\/dokumentation\/00207\/00441\/index.html?lang=fr\" target=\"_blank\"><input type=\"button\" value=\"&#155;\"><\/a>Taux d\u2019int\u00e9r\u00eats admis fiscalement sur les avances ou les pr\u00eats en francs suisses<\/p>\n<p><a href=\"https:\/\/www.gate.estv.admin.ch\/mwst-webpublikationen\/public\/pages\/search\/search.xhtml?winid=254343\" target=\"_blank\"><input type=\"button\" value=\"&#155;\"><\/a> Publications AFC &#8211; TVA <\/p>\n<p><a href=\"http:\/\/zefix.admin.ch\/\" target=\"_blank\"><input type=\"button\" value=\"&#155;\"><\/a> Zefix; index central des raisons de commerces<\/p>\n<p><a href=\"http:\/\/www.bsv.admin.ch\/praxis\/02504\/index.html?lang=fr\" target=\"_blank\"><input type=\"button\" value=\"&#155;\"><\/a> Expertsuisse (ex-Chambre Fiduciaire)<\/p>\n<p><a href=\"http:\/\/www.bsv.admin.ch\/praxis\/02504\/index.html?lang=fr\" target=\"_blank\"><input type=\"button\" value=\"&#155;\"><\/a> Cotisations dues \u00e0 l\u2019AVS, AI, APG et AC<\/p>\n<p><a href=\"http:\/\/www.centrepatronal.ch\/\" target=\"_blank\"><input type=\"button\" value=\"&#155;\"><\/a> Centre patronal<\/p>\n<p><a href=\"http:\/\/www.as-so.ch\/accueil\/\" target=\"_blank\"><input type=\"button\" value=\"&#155;\"><\/a> Autorit\u00e9 de surveillance LPP et fondations<\/p>\n<p><a href=\"http:\/\/www.steuerkonferenz.ch\/fr\/\" target=\"_blank\"><input type=\"button\" value=\"&#155;\"><\/a> Conf\u00e9rence suisse des imp\u00f4ts<\/p>\n","protected":false},"excerpt":{"rendered":"<p>Administration cantonale des imp\u00f4ts (ACI) Taux des imp\u00f4ts communaux Liste des cours AFC Cours moyens mensuels Amortissements sur les valeurs immobilis\u00e9es des entreprises commerciales Taux d\u2019int\u00e9r\u00eats admis fiscalement sur les avances ou les pr\u00eats en francs suisses Publications AFC &#8211; <a class=\"more-link\" href=\"http:\/\/fiduciaire.ch\/wordpress\/?page_id=33\">Continuer la lecture <span class=\"screen-reader-text\">  Liens utiles<\/span><span class=\"meta-nav\">&rarr;<\/span><\/a><\/p>\n","protected":false},"author":2,"featured_media":0,"parent":0,"menu_order":0,"comment_status":"closed","ping_status":"closed","template":"","meta":{"footnotes":""},"class_list":["post-33","page","type-page","status-publish","hentry"],"_links":{"self":[{"href":"http:\/\/fiduciaire.ch\/wordpress\/index.php?rest_route=\/wp\/v2\/pages\/33","targetHints":{"allow":["GET"]}}],"collection":[{"href":"http:\/\/fiduciaire.ch\/wordpress\/index.php?rest_route=\/wp\/v2\/pages"}],"about":[{"href":"http:\/\/fiduciaire.ch\/wordpress\/index.php?rest_route=\/wp\/v2\/types\/page"}],"author":[{"embeddable":true,"href":"http:\/\/fiduciaire.ch\/wordpress\/index.php?rest_route=\/wp\/v2\/users\/2"}],"replies":[{"embeddable":true,"href":"http:\/\/fiduciaire.ch\/wordpress\/index.php?rest_route=%2Fwp%2Fv2%2Fcomments&post=33"}],"version-history":[{"count":7,"href":"http:\/\/fiduciaire.ch\/wordpress\/index.php?rest_route=\/wp\/v2\/pages\/33\/revisions"}],"predecessor-version":[{"id":107,"href":"http:\/\/fiduciaire.ch\/wordpress\/index.php?rest_route=\/wp\/v2\/pages\/33\/revisions\/107"}],"wp:attachment":[{"href":"http:\/\/fiduciaire.ch\/wordpress\/index.php?rest_route=%2Fwp%2Fv2%2Fmedia&parent=33"}],"curies":[{"name":"wp","href":"https:\/\/api.w.org\/{rel}","templated":true}]}}